 divided by 710?
411
What is the remainder when 4307390 is divided by 861420?
290
Calculate the remainder when 12795 is divided by 124.
23
What is the remainder when 46142 is divided by 550?
492
What is the remainder when 580638426 is divided by 88?
82
Calculate the remainder when 127966 is divided by 9778.
852
Calculate the remainder when 304134078 is divided by 18.
12
What is the remainder when 3130333 is divided by 427?
423
Calculate the remainder when 192762 is divided by 15480.
7002
Calculate the remainder when 27583 is divided by 13556.
471
Calculate the remainder when 15934389 is divided by 219.
168
Calculate the remainder when 32916307 is divided by 2691.
2686
What is the remainder when 88629487 is divided by 3165?
3157
Calculate the remainder when 121279330 is divided by 638.
634
What is the remainder when 59170 is divided by 1850?
1820
Calculate the remainder when 1212608 is divided by 663.
644
Calculate the remainder when 3829281 is divided by 67172.
477
Calculate the remainder when 12063 is divided by 11968.
95
What is the remainder when 41496 is divided by 20714?
68
Calculate the remainder when 22942 is divided by 1846.
790
What is the remainder when 1898077 is divided by 321?
4
Calculate the remainder when 1501530 is divided by 92.
90
What is the remainder when 26916065 is divided by 2994?
5
What is the remainder when 88937455 is divided by 1678065?
10
What is the remainder when 111359 is divided by 800?
159
Calculate the remainder when 66835080 is divided by 18519.
9
Calculate the remainder when 269064 is divided by 1340.
1064
Calculate the remainder when 9035522 is divided by 109.
76
Calculate the remainder when 854425 is divided by 13274.
4889
What is the remainder when 16583722 is divided by 25?
22
What is the remainder when 41942515 is divided by 283?
217
Calculate the remainder when 1625794 is divided by 31.
30
What is the remainder when 34499 is divided by 1690?
699
Calculate the remainder when 6590591 is divided by 146457.
26
Calculate the remainder when 966110 is divided by 482866.
378
Calculate the remainder when 4935 is divided by 2571.
2364
Calculate the remainder when 152031917 is divided by 116.
113
What is the remainder when 14840711 is divided by 6590?
31
Calculate the remainder when 102168 is divided by 2046.
1914
Calculate the remainder when 208942549 is divided by 182.
179
What is the remainder when 30965 is divided by 1561?
1306
Calculate the remainder when 18712 is divided by 141.
100
What is the remainder when 88306 is divided by 806?
452
What is the remainder when 378363 is divided by 99?
84
What is the remainder when 35950906 is divided by 5098?
4908
Calculate the remainder when 1203910 is divided by 631.
593
What is the remainder when 1753575 is divided by 17711?
186
What is the remainder when 40079 is divided by 728?
39
Calculate the remainder when 9374647 is divided by 32.
23
What is the remainder when 544182 is divided by 7774?
2
What is the remainder when 16359651 is divided by 481162?
143
Calculate the remainder when 1154608 is divided by 23563.
21
Calculate the remainder when 1141438 is divided by 1856.
1854
Calculate the remainder when 32119009 is divided by 2222.
2221
Calculate the remainder when 1049861605 is divided by 703.
702
What is the remainder when 323856 is divided by 15418?
78
What is the remainder when 6351967 is divided by 7930?
37
Calculate the remainder when 42971102 is divided by 37.
5
What is the remainder when 18237295 is divided by 7?
6
Calculate the remainder when 473228 is divided by 9280.
9228
What is the remainder when 1567952 is divided by 988?
984
What is the remainder when 4574161 is divided by 241?
222
What is the remainder when 14880218 is divided by 29?
28
Calculate the remainder when 1003124 is divided by 111457.
11
Calculate the remainder when 492373 is divided by 25621.
5574
Calculate the remainder when 1806646 is divided by 522.
4
What is the remainder when 2938173 is divided by 95?
13
Calculate the remainder when 6918855 is divided by 1037.
1028
What is the remainder when 100778 is divided by 801?
653
What is the remainder when 222074 is divided by 234?
8
Calculate the remainder when 150179 is divided by 49738.
965
Calculate the remainder when 51414516 is divided by 12853626.
12
Calculate the remainder when 899552 is divided by 182.
108
What is the remainder when 138607 is divided by 1270?
177
What is the remainder when 159021 is divided by 1989?
1890
Calculate the remainder when 106277 is divided by 4406.
533
Calculate the remainder when 51273213 is divided by 157.
153
What is the remainder when 1599977 is divided by 1106?
701
What is the remainder when 494225 is divided by 7373?
234
What is the remainder when 14522028 is divided by 246136?
4
What is the remainder when 2585926 is divided by 757?
14
What is the remainder when 3692698 is divided by 355?
343
What is the remainder when 1529795 is divided by 16?
3
What is the remainder when 1487529 is divided by 13900?
229
Calculate the remainder when 2608590 is divided by 434762.
18
What is the remainder when 16002 is divided by 1597?
32
Calculate the remainder when 981554 is divided by 312.
2
Calculate the remainder when 131007 is divided by 65300.
407
Calculate the remainder when 318305 is divided by 35272.
857
Calculate the remainder when 370096 is divided by 1095.
1081
Calculate the remainder when 2326062 is divided by 1983.
3
What is the remainder when 1236515 is divided by 152?
147
Calculate the remainder when 2356629 is divided by 2356578.
51
What is the remainder when 4166692 is divided by 797?
773
What is the remainder when 82990 is divided by 8?
6
Calculate the remainder when 6653796 is divided by 2707.
2697
What is the remainder when 27071845 is divided by 502?
491
Calculate the remainder when 52076969 is divided by 12711.
2
Calculate the remainder when 68533792 is divided by 463066.
24
Calculate the remainder when 53495177 is divided by 3566345.
2
Calculate the remainder when 105162253 is divided by 3505408.
13
Calculate the remainder when 10429 is divided by 943.
56
Calculate the remainder when 22677438 is divided by 11338716.
6
What is the remainder when 12518324 is divided by 1377?
17
What is the remainder when 20655 is divided by 858?
63
What is the remainder when 861549 is divided by 1759?
1398
Calculate the remainder when 348398 is divided by 116129.
11
What is the remainder when 236262 is divided by 9449?
37
Calculate the remainder when 1889326 is divided by 1024.
46
Calculate the remainder when 1856747 is divided by 12630.
137
What is the remainder when 6048 is divided by 991?
102
Calculate the remainder when 7201595 is divided by 438.
437
Calculate the remainder when 6959032 is divided by 1391801.
27
Calculate the remainder when 17693957 is divided by 1474495.
17
What is the remainder when 78413616 is divided by 15?
6
What is the remainder when 155438 is divided by 38783?
306
What is the remainder when 2786666 is divided by 25?
16
What is the remainder when 6414230 is divided by 3207108?
14
What is the remainder when 8293530 is divided by 1036691?
2
What is the remainder when 16328926 is divided by 2561?
2551
What is the remainder when 292823 is divided by 97598?
29
Calculate the remainder when 107666 is divided by 53826.
14
Calculate the remainder when 70699 is divided by 17642.
131
Calculate the remainder when 4229581 is divided by 376.
333
What is the remainder when 76703 is divided by 282?
281
What is the remainder when 29678 is divided by 4566?
2282
What is the remainder when 13328194 is divided by 103?
97
What is the remainder when 736830 is divided by 1986?
24
What is the remainder when 42382559 is divided by 88?
87
Calculate the remainder when 2403 is divided by 126.
9
What is the remainder when 36728157 is divided by 470?
7
Calculate the remainder when 62390822 is divided by 109.
94
What is the remainder when 11930468 is divided by 42?
32
Calculate the remainder when 3578571 is divided by 2641.
16
Calculate the remainder when 1603462 is divided by 385.
322
Calculate the remainder when 124894404 is divided by 13.
11
Calculate the remainder when 6262127 is divided by 10560.
47
Calculate the remainder when 3633036 is divided by 1209.
1200
Calculate the remainder when 23902091 is divided